vided by h.
57
Let l = -118 + 119. Let z(v) = 314*v**2 + 5*v - 1. Calculate the remainder when z(l) is divided by 23.
19
Suppose 26*a = 23*a + 72. Let m(g) = -128 + 4*g + a*g + 112. What is the remainder when m(5) is divided by 14?
12
Let p = 39 + -19. Let t(r) be the first derivative of -7*r**2/2 + 203*r + 114. What is the remainder when t(22) is divided by p?
9
Let f be (0 + -1)*(-1 - 18) + 2. Suppose f = 2*x - 5*s, 4*x + s = -2*s + 55. What is the remainder when 28 is divided by x?
2
Suppose 28*n - 103*n + 1680 = 65*n. What is the remainder when 215 is divided by n?
11
Let t = 315 + -390. What is the remainder when 195 is divided by 96/9 + (-10)/t*-5?
5
Calculate the remainder when 12326 is divided by (368*4/28)/(2/7).
182
Let a be ((-4)/6)/(5/(-15)). Suppose u + 1329 = 5*x, 4*x - a*u + 63 = 1125. Calculate the remainder when x is divided by 90.
86
Suppose 5*q - 52*z = -47*z + 480, 3*q + 5*z - 264 = 0. What is the remainder when q is divided by 52?
41
Suppose 0 = -d - 3*h + 102, 2*d - h + 5*h - 206 = 0. Let w = d - 49. Calculate the remainder when w is divided by (-323)/17*(0 - 1).
18
Suppose -3*j = -y + 3*y - 18, -12 = -2*j - y. Suppose -j*h + 439 - 349 = 0. Calculate the remainder when 84 is divided by h.
9
Suppose 0 = -12*b + 10*b. Suppose b = 2*y - 0*n + 2*n - 68, 2*y = -3*n + 66. Let o = y - 14. What is the remainder when o is divided by 8?
6
Suppose -21*r + 45*r - 23*r = 11. What is the remainder when 2209 is divided by r?
9
Suppose -9*x = -5*x + 16. Calculate the remainder when ((-644)/42)/(x/6) is divided by 9.
5
Let l = 38 - 14. What is the remainder when 3900/(-18)*(-6)/5 is divided by l?
20
Suppose 0 = -y - 5*u + 9*u - 102, 5*u + 178 = -2*y. What is the remainder when (y/8)/(-8 + 1113/140) is divided by 59?
58
Let y(w) = 126*w - 106. Calculate the remainder when 299 is divided by y(1).
19
Let s = 630 + 182. Calculate the remainder when s is divided by 204.
200
Let d(j) = 2*j**2 + 33*j. Let r be d(-17). What is the remainder when (-1 + (-4 - 0)/(-2))*r is divided by 7?
3
Suppose 4*f + 5*n - 735 = -67, 4*n + 876 = 5*f. Let v = -163 + f. What is the remainder when 249 is divided by v?
6
Let v(p) = p**3 + 6*p**2 - 5. Let y be v(-6). Let r = 40 - y. Let m(h) = -2*h**3 + 2*h**2 + h + 8. What is the remainder when r is divided by m(0)?
5
Let z(k) = -187*k + 1515. Calculate the remainder when z(5) is divided by 5.
0
Suppose -s - 583 + 635 = 3*f, 0 = -5*f + 4*s + 132. What is the remainder when 1562 is divided by f?
2
Let p(y) = -y - 2. Let j(z) = 3*z**2 + 34*z + 3. Let g(q) = -j(q) + p(q). Calculate the remainder when g(-5) is divided by 49.
46
Let s(q) = -1050*q + 3163. Calculate the remainder when 5420 is divided by s(3).
12
Let m(g) = -3*g + 17. Let n(l) = -1. Let a = 4 - 10. Let o(y) = a*n(y) - m(y). What is the remainder when 5 is divided by o(5)?
1
Let d = 1127 - 1074. What is the remainder when 114 is divided by d?
8
Suppose 16*d - 498624 = -176*d - 0*d. Calculate the remainder when d is divided by 17.
13
Suppose -9*v = -7*v - 8. Suppose -6*j = -v*j - 338. What is the remainder when j is divided by 57?
55
What is the remainder when (16 - -262) + (-1 - -5) is divided by 10?
2
Let b(u) = 3*u**2 - 70*u + 1907. Calculate the remainder when b(28) is divided by 13.
11
Let p(r) = r**3 + 10*r**2 - 4*r - 8. Suppose 1744*n - 1749*n + 43 = i, -2*n - 2*i = -14. What is the remainder when p(-6) is divided by n?
7
Let v(f) = f**3 - 12*f**2 - 11*f - 26. Let l be v(13). Suppose -2*b = -l*b + 14. Calculate the remainder when (-420)/b + 0/2 is divided by 22.
16
Let t be (408/20)/((-16)/(-40)). Let p = t - -125. What is the remainder when p is divided by 30?
26
Let o(r) = r**3 - 19*r**2 - 116*r - 54. Calculate the remainder when o(24) is divided by 6.
0
Let b(c) = 29*c + 3. Let n be b(2). Suppose -78 = -m - n. Calculate the remainder when m is divided by 7.
3
Suppose 3*c - c + 150 = 0. Let h be 1 - (-14)/(-10) - 2355/c. Suppose 0 = -3*x + h + 536. What is the remainder when x is divided by 48?
45
Let d = 179 - 124. Let j(x) = -7*x**2 + 9*x - 9. Let a be j(7). Let b = 301 + a. What is the remainder when d is divided by b?
7
Suppose f + 36 = w, 88*w - 3*f = 90*w - 77. Suppose -5*p = 5*v - 650, 0 = -4*p + 2*v - v + 530. Calculate the remainder when p is divided by w.
21
Suppose 512 = -6*c - 2344. Suppose n + 4*i + i - 12 = 0, 0 = 5*i. What is the remainder when n is divided by c/(-52) - (-3)/((-39)/2)?
3
Let k(w) = 264*w**2 + 56*w - 55. What is the remainder when k(1) is divided by 51?
10
Let x = -2305 - -2314. Let o(u) = 7*u - 3*u - 38 + 15*u. What is the remainder when o(x) is divided by 45?
43
Suppose -3*t - k + 12 + 124 = 0, k = -5*t + 228. What is the remainder when 275 is divided by t?
45
Suppose 23*a + 54 = 32*a. Suppose a*y - 143 = 37. Calculate the remainder when 34 is divided by y.
4
Suppose 13*q - 36 = 29. Let t(z) = -z**3 + 6*z**2 - 2*z + 12. Calculate the remainder when 295 is divided by t(q).
25
Suppose -4*s = -12, -217 - 2 = -2*f + s. What is the remainder when f is divided by 33?
12
Let d(u) = -138*u - 7936. What is the remainder when 648 is divided by d(-58)?
36
Let y(f) = -25*f**2 + 428*f + 10. Calculate the remainder when y(12) is divided by 47.
42
Suppose -429012 = 15*d - 429162. Calculate the remainder when 1049 is divided by d.
9
Let r = 3199 + -3166. Calculate the remainder when 115 is divided by r.
16
Let h(a) = -a - 7. Let l be h(26). Let o = -66 - l. Let m = o + 104. Calculate the remainder when m is divided by 8.
7
Let m(r) = r**3 + 16*r**2 + 4*r - 150. What is the remainder when m(-13) is divided by 106?
93
Let c(t) = 4*t**2 + 29*t - 107. Calculate the remainder when 393 is divided by c(4).
28
Let f be -5*(15/(-25) - 0). Let s(p) = -p**2 + 33*p - 87. What is the remainder when 5 is divided by s(f)?
2
Suppose -z + 35 = -141*f + 140*f, -4*z + 126 = 3*f. What is the remainder when 458 is divided by z?
29
Let i(r) = -r**3 - 11*r**2 + 16*r - 20. Let n be 81/(-18)*16/6. Let t be i(n). Let o = 78 + t. Calculate the remainder when 68 is divided by o.
8
Suppose 4*m = 4*j + 260, m + 310 = -5*j + 3*m. Let b = -35 - j. Suppose 288*c = 296*c - 72. What is the remainder when b is divided by c?
7
Let y(b) be the third derivative of b**6/120 - 7*b**4/24 + 2*b**3/3 - 2*b**2 - 85. Calculate the remainder when y(4) is divided by 17.
6
Let r = -7607 + 8907. What is the remainder when r is divided by 8?
4
Let z(h) = h**3 + 5*h**2 - h + 6. Let l(v) = 5604*v + 39389. What is the remainder when l(-7) is divided by z(-5)?
7
Let r(v) = -3*v - 35. Let o(c) = 2*c. Let i(y) = -2*o(y) - r(y). What is the remainder when 1*(50 - (0 + 0)) is divided by i(18)?
16
Let s = 121 - 63. Let b = -25 - -22. What is the remainder when s is divided by (5/1)/(b/(-9))?
13
Let b(h) = -25*h - 14. Let t be b(-1). Suppose -6*z = -t*z + 670. Calculate the remainder when z is divided by 71.
63
Let x(n) = 22*n + 8. Suppose 2799*d = 2815*d - 464. What is the remainder when x(6) is divided by d?
24
Let c(i) = -33*i + 1826. What is the remainder when 278 is divided by c(55)?
3
Let j = -269 - -312. Suppose v - 2*c + 4*c = j, -49 = -v - 5*c. What is the remainder when v is divided by 9?
3
Let l(m) = -m**2 + m + 54. Let p be l(-8). Let r be 0 - ((-16)/(-2))/4. Calculate the remainder when 12 is divided by p/r - (3 - 6 - -4).
4
Let a(z) = -z**2 - 80*z - 1013. What is the remainder when 413 is divided by a(-64)?
6
Suppose 4 = b + 3*l, -2*b + 0*b + 52 = -5*l. Suppose 0 = 18*t - b*t - 246. Suppose t + 78 = 3*s. Calculate the remainder when s is divided by 14.
11
Suppose -5*q - 105 = -4*v, -6*q + 75 = 2*v - q. Let b(x) = 380*x + 219. Calculate the remainder when b(0) is divided by v.
9
Suppose -59*o + 79178 + 188918 = 0. Calculate the remainder when o is divided by 198.
188
Let i be (0 + (-2 - -1))*-71. Suppose i = 3*z + 2. Suppose 78*t - 588 = 426. Calculate the remainder when z is divided by t.
10
Suppose 534*j = -549*j + 1071*j + 480. Calculate the remainder when 406 is divided by j.
6
Let d(p) = p**2 + 4*p + 7. Let q be d(-4). Let c = 984 - 593. Suppose q*b + 90 - c = 0. What is the remainder when b is divided by 11?
10
Suppose -11*n + 54909 + 17101 = -29564. Calculate the remainder when n is divided by 3078.
0
Suppose 4*w + 3*i = 44, 2*i - 6*i - 16 = 0. Calculate the remainder 